 - 1?
112021
In base 7, what is 43 - -20?
63
In base 16, what is -2 - -21?
1f
In base 7, what is 24442 - 5?
24434
In base 14, what is -1 - -365?
364
In base 16, what is -3 + 4d?
4a
In base 12, what is -7 - 28?
-33
In base 7, what is -226 + 5?
-221
In base 11, what is -3 + 4a?
47
In base 2, what is -10001111011001 + 10?
-10001111010111
In base 2, what is -1110100010 - 100?
-1110100110
In base 2, what is -11010 + 111001111?
110110101
In base 12, what is -1 + -52?
-53
In base 7, what is 5 + 2514?
2522
In base 4, what is 0 + 201?
201
In base 9, what is -78612 - -5?
-78606
In base 12, what is -4 + 1242?
123a
In base 13, what is -2 + 624?
622
In base 3, what is 20122120 - 10?
20122110
In base 8, what is 3042 + -4?
3036
In base 10, what is -3 - -31?
28
In base 16, what is ea - 5?
e5
In base 10, what is 151 + 3?
154
In base 13, what is 380 - -2?
382
In base 4, what is -120 - -222?
102
In base 2, what is 11011 - -101?
100000
In base 11, what is -255 - -4?
-251
In base 12, what is 3 - 11b0?
-11a9
In base 4, what is -2102 + 3?
-2033
In base 16, what is -4 - 248?
-24c
In base 2, what is -100 + -101100111?
-101101011
In base 13, what is -1 - -49a?
499
In base 2, what is -111 - 10000?
-10111
In base 7, what is 26 + -602?
-543
In base 5, what is -40 - 11124?
-11214
In base 3, what is 1 + 2?
10
In base 14, what is -6b + -11?
-7c
In base 3, what is -11010201 + 1?
-11010200
In base 12, what is -5 + -282?
-287
In base 4, what is -11120 + 0?
-11120
In base 8, what is 4 - 1116?
-1112
In base 7, what is -562 - 0?
-562
In base 3, what is 11010220 - 2?
11010211
In base 10, what is 71 + 11?
82
In base 16, what is -2 + 12b?
129
In base 5, what is 1 - 1001?
-1000
In base 10, what is -87 + 48?
-39
In base 9, what is -3 - 213?
-216
In base 4, what is -10 - 121122?
-121132
In base 5, what is -243040 - 0?
-243040
In base 13, what is -15b - -4?
-157
In base 6, what is -14 - -1044?
1030
In base 2, what is 101011 + 1100?
110111
In base 10, what is 62 - -4?
66
In base 9, what is -307 - 10?
-317
In base 10, what is -4 + 259?
255
In base 2, what is 10 + -110101?
-110011
In base 12, what is 535 + -1?
534
In base 4, what is 12 - -1322?
2000
In base 5, what is -2131 + 2?
-2124
In base 8, what is -7 + -675?
-704
In base 2, what is 101 - 10100110?
-10100001
In base 6, what is -3 + -501?
-504
In base 15, what is 0 - cb?
-cb
In base 3, what is 11222011 - -10?
11222021
In base 4, what is -13 + -1100?
-1113
In base 14, what is -23 - -162?
13d
In base 11, what is 20 + 13?
33
In base 2, what is 100 - 1001011111110?
-1001011111010
In base 15, what is 71 + 7?
78
In base 2, what is 101111 - -11?
110010
In base 14, what is -19 + 1?
-18
In base 5, what is -10 + -1020?
-1030
In base 13, what is -40 - 54?
-94
In base 16, what is -f - 9?
-18
In base 10, what is -3 + 193?
190
In base 13, what is 371 + 3?
374
In base 4, what is 120 - -21?
201
In base 15, what is 3 - -245?
248
In base 7, what is 0 + -61?
-61
In base 13, what is 3 + 6c?
72
In base 12, what is 10 + -19a?
-18a
In base 14, what is -1515 - 5?
-151a
In base 11, what is 426 + 10?
436
In base 11, what is 9 + 172?
180
In base 14, what is 1 - 9a3?
-9a2
In base 7, what is -2115 + 0?
-2115
In base 3, what is 10002201 + 2?
10002210
In base 8, what is -13 - -56?
43
In base 13, what is 2 - -123?
125
In base 12, what is 4 - -12b8?
1300
In base 4, what is -3 + 2?
-1
In base 10, what is -7 + -139?
-146
In base 9, what is 1213 + -1?
1212
In base 8, what is -1002 + 20?
-762
In base 11, what is 3 - 45?
-42
In base 2, what is 100 + -11101?
-11001
In base 7, what is -3314 - -21?
-3263
In base 5, what is 213022 + 2?
213024
In base 15, what is -4 + -ad?
-b2
In base 9, what is 0 + -67?
-67
In base 3, what is -10 + 2010?
2000
In base 5, what is -1013 - 11?
-1024
In base 15, what is -5 - 79?
-7e
In base 5, what is -10 + 11?
1
In base 5, what is -140 + 3?
-132
In base 8, what is -14 + -662?
-676
In base 4, what is 3312 + 2?
3320
In base 11, what is -78 + 2?
-76
In base 14, what is -1a7 - -2?
-1a5
In base 4, what is -120332 + 11?
-120321
In base 16, what is 4b86 + 1?
4b87
In base 2, what is -111010 + 1?
-111001
In base 3, what is -10201 - -1111?
-2020
In base 15, what is b9a - 3?
b97
In base 9, what is -685 + 4?
-681
In base 13, what is 7 - -9?
13
In base 4, what is 220220 + 3?
220223
In base 13, what is 34 + 6?
3a
In base 11, what is 14 + 1?
15
In base 4, what is -1331 - -1021?
-310
In base 5, what is 10324 - 13?
10311
In base 3, what is -22 - -2?
-20
In base 14, what is 47 + -5?
42
In base 13, what is -4 + -1?
-5
In base 12, what is b7 - 3?
b4
In base 6, what is -3 - 233?
-240
In base 14, what is 10 - 1c?
-c
In base 13, what is 115 - 0?
115
In base 9, what is -1 + -373?
-374
In base 12, what is 11528 - 2?
11526
In base 11, what is 5 + 362?
367
In base 10, what is 326 + 13?
339
In base 3, what is -10102 + 12?
-10020
In base 14, what is 39 + 31?
6a
In base 9, what is 5 - -3?
8
In base 12, what is -1a + 11?
-9
In base 6, what is 3 - -1541?
1544
In base 4, what is 2 + -200?
-132
In base 2, what is 10000110001000 + -1?
10000110000111
In base 11, what is -7a + 6?
-74
In base 16, what is 5 + 21?
26
In base 13, what is -12b6 - 5?
-12bb
In base 15, what is -2 - -66d?
66b
In base 14, what is 18 - 2ba?
-2a2
In base 10, what is -12 - -76?
64
In base 12, what is 3966 + -4?
3962
In base 7, what is -10220 + 1?
-10216
In base 15, what is -160 - 15?
-175
In base 3, what is 111 + 112202?
120020
In base 15, what is -8a - 3?
-8d
In base 6, what is -42305 - 4?
-42313
In base 4, what is 3031 + 1?
3032
In base 15, what is 5 - -10d?
113
In base 11, what is -5 + 8a?
85
In base 13, what is -10 + 15?
5
In base 15, what is 33c5 + 4?
33c9
In base 4, what is -12201 - 10?
-12211
In base 15, what is bee - 2?
bec
In base 11, what is 6 + 42?
48
In base 3, what is -2 - 1200122?
-1200201
In base 8, what is 30 + 114?
144
In base 7, what is 1 - -66?
100
In base 4, what is 0 + 1122?
1122
In base 3, what is 120 + 12?
202
In base 5, what is 2 + 13121?
13123
In base 9, what is 27 - -52?
80
In base 14, what is -45b + 0?
-45b
In base 8, what is 1 - -767?
770
In base 4, what is -20 + -13?
-33
In base 12, what is 18 - 5?
13
In base 2, what is -11010001 + 11?
-11001110
In base 14, what is -1 - 1a?
-1b
In base 4, what is -2 + 102101?
102033
In base 8, what is -663 + -4?
-667
In base 4, what is 1 + -1021132?
-1021131
In base 8, what is -3 + 2010?
2005
In base 13, what is a + 1b0?
1ba
In base 14, what is -56 - -51?
-5
In base 12, what is -1 + -64?
-65
In base 7, what is -12 + 134?
122
In base 12, what is 1 + -705?
-704
In base 10, what is -17 - 8?
-25
In base 12, what is 88 - 3?
85
In base 4, what is 2 - 201?
-133
In base 14, what is 1ad - 3?
1aa
In base 8, what is -1613 + -3?
-1616
In base 12, what is -1aa - -4?
-1a6
In base 15, what is 107 + -d?
e9
In base 4, what is 3 + -2100?
-2031
In base 9, what is 1 - 1844?
-1843
In base 12, what is 1 - -486?
487
In base 5, what is 3 + 220?
223
In base 6, what is -522 + -5?
-531
In base 12, what is -178 + -1?
-179
In base 13, what is 86 + -15?
71
In base 3, what is 101 - -2?
110
In base 10, what is 171 + -4?
167
In base 5, what is -11 - -2?
-4
In base 12, what is 574 - 4?
570
In base 11, what is 175 - 5?
170
In base 13, what is c - 49?
-3a
In base 13, what is 13 - 3?
10
In base 4, what is 3323121 - -10?
3323131
In base 3, what is -20 + -1121222?
-1122012
In base 8, what is 4 + -14?
-10
In base 2, what is 10 + 100111?
101001
In base 8, what is -316 - 0?
-316
In base 16, what is -1 - -723?
722
In base 11, what is 4 + 7?
10
In base 14, what is 217 + a?
223
In base 15, what is -22 - -b?
-16
In base 4, what is 11101101 + -1?
11101100
In base 9, what is -547 + 0?
-547
In base 9, what is -3 + -1017?
-1021
In base 7, what is 4 - -301?
305
In base 10, what is 597 + -4?
593
In base 7, what is 11 + 251?
262
In base 10, what is -5 + -26?
-31
In base 6, what is -1 + -104?
-105
In base 11, what is -2 - 78?
-7a
In base 14, what is 8d4 - -2?
8d6
In base 5, what is -11231 + 10?
-11221
In base 14, what is b + 78?
85
In base 7, what is -4 - -4?
0
In base 14, what is 4 - 3c?
-38
In base 4, what is 0 + -302220?
-302220
In base 2, what is 110 - 11110?
-11000
In base 16, what is 66 + 35?
9b
In base 15, what is 3 - -260?
263
In base 10, what is 1 - -883?
884
In base 2, what is -11111 + -10